st common divisor of 17 and 11917.
17
Calculate the highest common factor of 210 and 2436.
42
What is the greatest common divisor of 16 and 1520?
16
What is the highest common factor of 6 and 13224?
6
What is the greatest common divisor of 56 and 48?
8
What is the greatest common divisor of 264 and 7964?
44
Calculate the greatest common factor of 2940 and 160.
20
What is the highest common factor of 76 and 1102?
38
Calculate the greatest common divisor of 6 and 3969.
3
Calculate the highest common factor of 864 and 32.
32
Calculate the greatest common factor of 1488 and 48.
48
What is the greatest common factor of 378 and 336?
42
What is the highest common divisor of 477 and 18?
9
What is the highest common divisor of 1 and 1240?
1
What is the highest common divisor of 810 and 280?
10
Calculate the greatest common factor of 936 and 12.
12
Calculate the highest common divisor of 564 and 672.
12
What is the greatest common divisor of 6985 and 254?
127
What is the greatest common divisor of 17 and 2941?
17
Calculate the highest common factor of 1375 and 625.
125
Calculate the greatest common factor of 33 and 57.
3
What is the greatest common divisor of 264 and 16?
8
What is the highest common factor of 1452 and 7524?
132
What is the greatest common divisor of 1622 and 2?
2
Calculate the greatest common factor of 8 and 668.
4
What is the highest common divisor of 19 and 152?
19
What is the greatest common factor of 1965 and 131?
131
What is the highest common factor of 30159 and 27?
27
Calculate the greatest common factor of 12091 and 113.
113
What is the greatest common divisor of 1771 and 4301?
253
What is the greatest common divisor of 13 and 8359?
13
What is the highest common factor of 26 and 28678?
26
What is the highest common divisor of 56 and 476?
28
What is the highest common factor of 708 and 10974?
354
Calculate the greatest common divisor of 130 and 104.
26
What is the greatest common factor of 26 and 26?
26
What is the greatest common divisor of 86 and 344?
86
What is the greatest common factor of 12 and 1740?
12
Calculate the greatest common divisor of 53 and 1431.
53
Calculate the greatest common factor of 32 and 108.
4
What is the greatest common factor of 1248 and 3081?
39
What is the highest common divisor of 2714 and 413?
59
What is the highest common factor of 135 and 783?
27
What is the highest common factor of 2112 and 1728?
192
Calculate the greatest common divisor of 34 and 272.
34
What is the greatest common divisor of 680 and 408?
136
What is the highest common divisor of 32198 and 34?
34
What is the greatest common factor of 11312 and 101?
101
What is the greatest common divisor of 412 and 927?
103
Calculate the highest common factor of 45 and 20145.
15
What is the greatest common factor of 1095 and 15?
15
Calculate the greatest common divisor of 34 and 2329.
17
What is the highest common factor of 2204 and 342?
38
What is the greatest common factor of 50 and 625?
25
What is the greatest common divisor of 38 and 2432?
38
What is the greatest common factor of 1316 and 752?
188
Calculate the greatest common divisor of 268 and 4.
4
What is the greatest common factor of 56 and 1498?
14
Calculate the greatest common factor of 2814 and 3.
3
Calculate the highest common divisor of 69 and 4163.
23
What is the greatest common factor of 162 and 12717?
81
Calculate the greatest common factor of 759 and 1188.
33
What is the highest common divisor of 162 and 5022?
162
Calculate the greatest common factor of 172 and 5246.
86
What is the greatest common divisor of 130 and 442?
26
Calculate the greatest common factor of 707 and 7.
7
What is the greatest common divisor of 2 and 5?
1
What is the greatest common factor of 272 and 16?
16
What is the greatest common factor of 120 and 260?
20
Calculate the greatest common factor of 285 and 480.
15
Calculate the greatest common factor of 3427 and 4917.
149
Calculate the highest common divisor of 68 and 3145.
17
What is the greatest common divisor of 756 and 868?
28
What is the greatest common divisor of 3267 and 847?
121
Calculate the greatest common factor of 270 and 6750.
270
What is the greatest common divisor of 24 and 456?
24
Calculate the highest common factor of 32 and 124.
4
Calculate the highest common factor of 200 and 74600.
200
What is the highest common factor of 207 and 184?
23
Calculate the highest common divisor of 28 and 2618.
14
Calculate the highest common divisor of 228 and 399.
57
Calculate the highest common factor of 63 and 1575.
63
Calculate the highest common divisor of 48 and 24.
24
What is the greatest common factor of 1037 and 1098?
61
What is the greatest common divisor of 15 and 4695?
15
What is the greatest common factor of 1428 and 544?
68
Calculate the greatest common divisor of 84 and 5.
1
Calculate the greatest common divisor of 374 and 34.
34
Calculate the greatest common divisor of 120 and 105.
15
What is the highest common divisor of 119 and 21?
7
Calculate the highest common factor of 144 and 66.
6
Calculate the greatest common factor of 12 and 138.
6
What is the greatest common divisor of 864 and 32?
32
What is the highest common factor of 2506 and 895?
179
Calculate the greatest common divisor of 930 and 2015.
155
What is the highest common factor of 299 and 69?
23
Calculate the greatest common divisor of 9 and 1602.
9
Calculate the greatest common divisor of 105 and 30.
15
Calculate the highest common divisor of 57553 and 67.
67
Calculate the highest common divisor of 42 and 264.
6
Calculate the highest common divisor of 8531 and 19.
19
Calculate the highest common factor of 80 and 944.
16
What is the greatest common divisor of 22 and 253?
11
What is the highest common divisor of 5 and 10?
5
What is the highest common divisor of 15893 and 46?
23
Calculate the highest common factor of 72 and 32.
8
What is the highest common divisor of 6 and 76?
2
Calculate the highest common factor of 72 and 45.
9
What is the greatest common divisor of 180 and 2610?
90
What is the greatest common factor of 42 and 2037?
21
What is the greatest common divisor of 69 and 159?
3
What is the greatest common divisor of 66 and 48?
6
Calculate the greatest common factor of 68 and 5202.
34
What is the greatest common divisor of 391 and 161?
23
Calculate the highest common factor of 50 and 375.
25
What is the highest common divisor of 627 and 15?
3
Calculate the highest common divisor of 18 and 44514.
18
Calculate the greatest common divisor of 55 and 20.
5
Calculate the highest common divisor of 15 and 25785.
15
Calculate the greatest common factor of 20466 and 36.
18
What is the greatest common divisor of 12030 and 20?
10
Calculate the greatest common factor of 160 and 5.
5
Calculate the greatest common factor of 4 and 34.
2
Calculate the highest common factor of 980 and 16.
4
What is the greatest common factor of 693 and 126?
63
Calculate the highest common factor of 175 and 28.
7
Calculate the greatest common factor of 200 and 128.
8
Calculate the highest common divisor of 1332 and 72.
36
Calculate the highest common divisor of 3 and 10329.
3
What is the highest common divisor of 22 and 24398?
22
Calculate the greatest common divisor of 11418 and 66.
66
Calculate the greatest common divisor of 1044 and 108.
36
What is the highest common divisor of 2 and 400?
2
Calculate the highest common divisor of 7 and 11683.
7
What is the highest common divisor of 2624 and 8?
8
What is the highest common factor of 2542 and 2?
2
What is the greatest common factor of 450 and 18?
18
Calculate the highest common factor of 435 and 725.
145
What is the greatest common factor of 10 and 14?
2
Calculate the highest common factor of 280 and 16.
8
Calculate the highest common divisor of 2561 and 52.
13
What is the highest common factor of 117 and 9?
9
Calculate the greatest common divisor of 14 and 154.
14
Calculate the greatest common factor of 6237 and 1848.
231
Calculate the highest common factor of 19045 and 13.
13
Calculate the highest common divisor of 187 and 85.
17
Calculate the greatest common factor of 29 and 22417.
29
What is the greatest common divisor of 81 and 3051?
27
Calculate the greatest common factor of 177 and 5310.
177
Calculate the highest common factor of 3878 and 14.
14
